e -4*q - 84 = -4*y, 696*y = 699*y + 2*q + 2. What is the greatest common factor of y and a?
8
Suppose 0 = 2*f - 382 - 430. Let c = -280 + f. What is the highest common divisor of 90 and c?
18
Let l = 257 - 186. Let o = 81 - l. What is the greatest common factor of 4 and o?
2
Let h be 180/(-2)*1536/(-240). Suppose 5*y - 224 = h. Calculate the highest common divisor of y and 280.
40
Let k(x) = -14*x**2 + 240*x + 2. Let c(a) = 14*a**2 - 242*a. Let p(n) = -2*c(n) - 3*k(n). Let z be p(17). What is the highest common divisor of 91 and z?
7
Suppose 58*p - 213 - 536 = 527. Calculate the greatest common factor of p and 1111.
11
Let j = -6643 - -9244. Calculate the greatest common factor of j and 578.
289
Suppose -2*x + 4083 = 5*i, i = 6*i + 25. Suppose -x = -z + 13*c - 10*c, 0 = c. Calculate the greatest common factor of 13 and z.
13
Let b(i) = i**2 - 50*i + 658. Let n be b(38). Calculate the greatest common factor of 101 and n.
101
Let p be -3 + 8 - -2*6/(-4). Suppose 0 - p = -x, 16 = 5*a + 3*x. Suppose 3*u - 5 = -g - a*u, 4*u - 26 = -3*g. Calculate the highest common factor of 30 and g.
10
Suppose 28 = 3*l - l. Let f be ((-204)/l)/(5/(-35)). Suppose -32*t + 27*t + 39 = x, 2*x - 4*t - 64 = 0. Calculate the highest common factor of x and f.
34
Let b(u) = -6*u + 0*u + 28 + 49*u. Let f be b(-8). Let m = 523 + f. What is the highest common factor of m and 23?
23
Let y = -24 - -58. Let q = -20 + y. Suppose 0 = -2*b - 3*b + 35. What is the highest common factor of q and b?
7
Suppose -16*f = -23*f + 58856. Let y be f/60 + -4*3/90. Calculate the highest common factor of y and 490.
70
Let d = 219 + 18. Let y = d + -138. Suppose y + 341 = 10*v. Calculate the greatest common divisor of 11 and v.
11
Suppose 4*g = 5*j + 1861, 3*g + j - 6*j = 1392. Suppose -110402 = 22*h - 113350. What is the highest common divisor of h and g?
67
Let q(d) = 17*d**2 - 52*d + 212. Let g be q(5). Suppose 26 = -2*s + 3*s. Calculate the highest common factor of s and g.
13
Suppose -2*v - 4*f + 2236 = -1730, 5*v - 9957 = 4*f. What is the highest common factor of v and 27?
9
Let d be (2 + (-15)/6)*18/(-3). Let m = 49 + d. Calculate the greatest common divisor of 182 and m.
26
Let o be (6 + 12)*(-100)/(-6). Let k = o - 272. Suppose 0 = 6*l - 3*l - 24. What is the greatest common factor of k and l?
4
Let s = -6338 - -6368. Calculate the greatest common divisor of s and 618.
6
Suppose 19*x + 149 = -98. Let h = 37 - 18. Let n = h + x. What is the greatest common factor of 3 and n?
3
Let f = 54590 + -38395. What is the greatest common factor of 205 and f?
205
Let w be 2*28 + (-1 - -3). Let u = w + -25. Let p(o) = 106*o - 1791. Let y be p(17). Calculate the greatest common factor of y and u.
11
Let k(s) = -s**2 - 43*s - 2. Let o be k(-33). Let g = -301 + o. What is the greatest common divisor of 729 and g?
27
Let z = 1226 + -1205. What is the greatest common divisor of 56 and z?
7
Suppose 2*i + h = -0 - 31, 3*h = 9. Let z = i + 24. Suppose 0 = 36*k - 11*k - 525. What is the greatest common factor of z and k?
7
Suppose 633 = -0*y + 4*y + l, -y + 162 = -l. Let g = -87 + y. Suppose -3*r = 2*r + 4*b - 52, -3*r + 4*b + 12 = 0. What is the greatest common factor of r and g?
8
Let u be 417/4 - (-3 + (-26)/(-8)). Suppose -101*j + u*j = 33. Let k(i) = -i**3 + 10*i**2 + 6*i. Let q be k(8). What is the greatest common divisor of q and j?
11
Let w be -4*(0 - (-2)/(-2)). Suppose w*x + 0 - 4 = 0. Let r = -1153 - -1160. What is the highest common factor of x and r?
1
Suppose -t = 4*b + 15, -3*b - 5 = -5*t + 35. Suppose -t*i + 104 = -3*i. What is the highest common factor of 117 and i?
13
Suppose -9*q - 16 = -11*q. Suppose -6*a + q*a = 124. Let p = a + -38. Calculate the highest common divisor of 120 and p.
24
Let t be (-1)/(-9 - 15788/(-1754)). Let y = t - -1138. Calculate the highest common factor of y and 58.
29
Suppose -28 = 4*r - 16. Let u be ((-58)/r)/(14/21). What is the highest common divisor of 232 and u?
29
Let y = -78 - -124. Let m be (-3 + 7 + -4 - 0) + -16. Let s = m + y. Calculate the greatest common divisor of s and 10.
10
Let p = -4238 - -4270. Calculate the highest common factor of p and 18.
2
Let c = 2817 + 6433. Calculate the greatest common factor of c and 500.
250
Let o(u) = -u**2 - 25*u + 1236. Let g be o(24). Let v be 147 - -3 - 2 - -2. Calculate the highest common divisor of v and g.
30
Suppose 0*m - 5149 = -2*m - 5*q, -5*m = 3*q - 12825. What is the greatest common factor of 14 and m?
14
Let l = -33 - -36. Suppose l*n = -11 - 25. Let z be 638/8 + (-3)/n. What is the greatest common factor of 16 and z?
16
Let a(t) = -174*t + 1150. Let n be a(5). Calculate the greatest common divisor of 40 and n.
40
Suppose -2*q - 70 = -5*r, -2*r - q + 28 = q. Let u(v) = -26*v - 96. Let m be u(-8). Calculate the greatest common divisor of m and r.
14
Suppose -3*u + 4848 = -2564*f + 2568*f, 3*u + 3*f - 4854 = 0. What is the highest common divisor of 2233 and u?
203
Let g = -15585 - -15591. Let a = -6 + 30. What is the highest common factor of g and a?
6
Let n = 1889 + -1109. Calculate the greatest common divisor of n and 845.
65
Suppose 27*a = 25*a - 3*l, a + 5*l + 7 = 0. Calculate the highest common factor of a and 57.
3
Suppose 0 = -53*j - 31*j + 7*j + 9471. What is the greatest common divisor of j and 12423?
123
Let p be (-16)/72 + (-794)/(-9). Let r be -1 + (5 - -22) - -5. Suppose 2*y + 9 = r. Calculate the highest common factor of y and p.
11
Let g = -8371 - -14607. Calculate the greatest common divisor of g and 4.
4
Let i = -4000 - -4351. Calculate the greatest common factor of i and 27.
27
Let y = -2306 + 2313. Calculate the greatest common factor of 5789 and y.
7
Let n(u) = 135*u**2 + 3*u + 11. Let t be n(-2). Suppose -3*y = -442 - t. Calculate the greatest common divisor of 47 and y.
47
Suppose -65 = -6*j + 91. Let c = 30 - j. Suppose 113 = 4*f + 3*y, -f - 2*y - 2*y = -12. What is the highest common factor of c and f?
4
Let f be -3*((-896)/(-48))/(-8). Calculate the greatest common factor of 7133 and f.
7
Let i(x) = x**2 + 31*x + 188. Let p be i(-4). Let f(s) = 13*s**2 + 2*s + 1. Let a be f(-3). Calculate the highest common divisor of a and p.
16
Let t(l) = 178*l - 166. Let w be t(6). Let x = -230 + w. Calculate the highest common divisor of x and 42.
42
Let c be (-3 - (-459)/(-6))*(85/15 + -7). Let j = -20 + -37. Let w = j + c. What is the greatest common divisor of w and 539?
49
Suppose -544 = -w - 7*w. Suppose 3*j - w = 5*j. Let q be (17/j)/((2/2)/(-84)). Calculate the greatest common factor of q and 6.
6
Let v(m) = m + 1. Let q(f) = 11*f + 12. Let i(s) = -q(s) - 2*v(s). Suppose 24 + 7 = -21*n - 11. Let t be i(n). What is the highest common divisor of 66 and t?
6
Let l = -47 - -82. Suppose -t = 4, h - 2*t = 8 + 10. Calculate the highest common divisor of h and l.
5
Let o(c) = c**3 + 13*c**2 - 17*c + 4. Let u be o(-14). Let l(z) = -z**3 - 20*z**2 - 26*z - 60. Let k be l(-20). What is the greatest common divisor of k and u?
46
Let h(w) = w**2 + 2*w - 3. Let p be h(2). Suppose b + 4*b = -2*j - 143, 5 = -5*b. Let t = 74 + j. What is the highest common divisor of t and p?
5
Suppose 4*a - 2*b - 5478 = 0, -a - 90*b = -91*b - 1368. What is the highest common factor of a and 9?
3
Suppose 0 = -129*d + 1874929 - 471796. What is the greatest common divisor of d and 298?
149
Let b = -1448 - -1790. Suppose u = -3*z + 1775, 3*z + 5*u - 1831 + 36 = 0. Let r = z - b. What is the greatest common factor of 31 and r?
31
Let p(s) = 57*s + 37. Let u(d) = 114*d + 75. Let l(m) = -7*p(m) + 3*u(m). Let x be l(8). Let c = x - -760. What is the greatest common divisor of c and 30?
30
Suppose z = 5*r - 1101, 182*r - 185*r + 3*z = -651. Calculate the greatest common divisor of r and 65.
13
Let h = -25762 - -26785. Calculate the greatest common divisor of h and 627.
33
Let r(f) = 135*f - 885. Let p be r(7). Let t(m) = 2*m**2 - 4*m + 9. Let c be t(9). Calculate the greatest common factor of p and c.
15
Let b(v) = -64*v - 2261. Let w be b(-36). What is the highest common factor of 25843 and w?
43
Let o be (((-20736)/(-42))/(-2))/(42/(-294)). What is the greatest common divisor of o and 3672?
216
Suppose -3*r - 12 = -5*z - r, 5*r = z - 7. Let j be z*(18/8 - 13/52). Let d be (636/(-8))/((-2)/j*1). Calculate the highest com